{"id":213741,"date":"2021-05-31T23:12:36","date_gmt":"2021-05-31T22:12:36","guid":{"rendered":"https:\/\/sexy-dressing.com\/budokan\/?page_id=213741"},"modified":"2024-07-16T11:16:33","modified_gmt":"2024-07-16T10:16:33","slug":"historique","status":"publish","type":"page","link":"https:\/\/sexy-dressing.com\/budokan-meru.fr\/historique\/","title":{"rendered":"L&#8217;association"},"content":{"rendered":"<h1 class=\"view-title\">Historique<\/h1>\n<p>Le club a \u00e9t\u00e9 cr\u00e9\u00e9\u00a0le 28\u00a0F\u00e9vrier 1956 ,\u00a0par Mr GRUYER \u00a0Boris\u00a0sous le nom de JUDO CLUB MERUVIEN et comprenait une section JUDO .<\/p>\n<p>Le but \u00e9tait\u00a0: Pratique du Judo, du Jiu Jitsu, de la self-defense, du\u00a0Close Combat et de l\u2019\u00e9ducation physique\u200b.<\/p>\n<p>&nbsp;<\/p>\n<p>L&#8217;effectif \u00e9voluait entre 20 et 40 pratiquants dans une petite salle en centre-ville.<\/p>\n<p>Le club est affili\u00e9 \u00e0 :<\/p>\n<ul>\n<li>\u200bFFJDA : F\u00e9d\u00e9ration Fran\u00e7aise de Judo et Disciplines Associ\u00e9es<\/li>\n<\/ul>\n<p>Le club est agr\u00e9\u00e9 Jeunesse et Sport et \u00c9ducation Nationale<\/p>\n<p>&nbsp;<\/p>\n<p>Le club fonctionne gr\u00e2ce \u00e0 des subventions municipales, Conseil G\u00e9n\u00e9ral, Pr\u00e9fecture accord\u00e9es sur dossiers et fiches actions, en particulier dans le cadre du Contrat Ville et du Contrat Local de S\u00e9curit\u00e9. Aujourd\u2019hui, il m\u00e8ne des actions dans le cadre de la Coh\u00e9sion Sociale et du CNDS<\/p>\n<p>&nbsp;<\/p>\n<p>Durant la p\u00e9riode allant de 1956 \u00e0 1971, le club a connu des p\u00e9riodes de progressions et des p\u00e9riodes plus sombres de fl\u00e9chissements . En 1971, le club est repris par M. SEVE avec 20 licenci\u00e9s en Judo.<\/p>\n<p>&nbsp;<\/p>\n<p>En 1972 la section judo est relanc\u00e9e et une section Karat\u00e9 est cr\u00e9\u00e9e. Ces deux sections sont sous la responsabilit\u00e9 technique de M. SEVE, professeur dipl\u00f4m\u00e9 d&#8217;\u00e9tat, ceinture noire 1 er Dan en Judo et 1 er Dan en Karat\u00e9 (4 \u00e8me dan Karat\u00e9 et 6\u00a0\u00e8me dan Yoseikan actuellement).<\/p>\n<p>Professionnellement M. SEVE \u00a0est \u00e0 l&#8217;\u00e9poque Moniteur Municipal de la Ville de M\u00e9ru.<\/p>\n<p>&nbsp;<\/p>\n<p>Le club ayant obtenu une salle d&#8217;entra\u00eenement au Gymnase Charles De Gaulle et ayant un professeur stable et comp\u00e9tent, les deux sections \u00e9voluent tr\u00e8s rapidement pour atteindre un effectif stable sur une quinzaine d&#8217;ann\u00e9es de 200 \u00e0 240 licenci\u00e9s entre les deux sections.<\/p>\n<p>Le club a particip\u00e9 et organis\u00e9 des rencontres amicales et officielles et remport\u00e9 de nombreux podiums r\u00e9gionaux et nationaux.<\/p>\n<p>&nbsp;<\/p>\n<p>Puis, M. SEVE, pour des raisons professionnelles et ayant des responsabilit\u00e9s internationales au sein de la FFYB, avait des difficult\u00e9s \u00e0 assurer seul \u00a0tous les cours de judo et karat\u00e9.\u00a0Le club a\u00a0donc\u00a0\u00a0embauch\u00e9 un enseignant M. DOTTIN ,BEES 1 er degr\u00e9 \u00a0Judo, 4 \u00e8me dan, pour assurer les cours Judo, M. SEVE assurant les cours Karat\u00e9. Une troisi\u00e8me section Self\u00a0D\u00e9fense, \u00a0a \u00e9galement \u00e9t\u00e9 cr\u00e9\u00e9,sous la direction technique d&#8217;un Assistant de M. SEVE, M. MERRANI, BEES 1 degr\u00e9, en karat\u00e9 Yoseikan Budo (section ouverte aux pratiquants \u00e2g\u00e9s de plus de 15 ans).<\/p>\n<p>Depuis octobre 2005, Mr DOTTIN ayant d\u00e9missionn\u00e9, il est remplac\u00e9 par M. Bruno KORNBERG , 2e Dan de judo, professeur dipl\u00f4m\u00e9 d\u2019\u00e9tat.<\/p>\n<p>&nbsp;<\/p>\n<p>\u00c0 l\u2019arriv\u00e9e de M. KORNBERG, la section Judo avait beaucoup baiss\u00e9 en effectifs. On ne comptait plus alors que 30 licenci\u00e9s.<\/p>\n<p>En 5 ans, le nombre est arriv\u00e9 \u00e0 140.<\/p>\n<p>&nbsp;<\/p>\n<p>L\u2019effectif total du Budokan, les sections Yoseikan et Karat\u00e9 \u00a0ayant aussi bien progress\u00e9, est en continuelle progression et a atteint\u00a0en juin 2016, les\u00a0433\u00a0licenci\u00e9s.<\/p>\n","protected":false},"excerpt":{"rendered":"<p>Historique Le club a \u00e9t\u00e9 cr\u00e9\u00e9\u00a0le 28\u00a0F\u00e9vrier 1956 ,\u00a0par Mr GRUYER \u00a0Boris\u00a0sous le nom de JUDO CLUB MERUVIEN et comprenait une section JUDO . Le but \u00e9tait\u00a0: Pratique du Judo, du Jiu Jitsu, de la self-defense, du\u00a0Close Combat et de l\u2019\u00e9ducation physique\u200b. &nbsp; L&#8217;effectif \u00e9voluait entre 20 et 40 pratiquants dans une petite salle en [&hellip;]<\/p>\n","protected":false},"author":1,"featured_media":0,"parent":0,"menu_order":0,"comment_status":"closed","ping_status":"closed","template":"","meta":{"_et_pb_use_builder":"","_et_pb_old_content":"","_et_gb_content_width":"","footnotes":""},"class_list":["post-213741","page","type-page","status-publish","hentry"],"yoast_head":"<!-- This site is optimized with the Yoast SEO plugin v23.5 - https:\/\/yoast.com\/wordpress\/plugins\/seo\/ -->\n<title>L&#039;association - Budokan M\u00e9ru<\/title>\n<meta name=\"robots\" content=\"index, follow, max-snippet:-1, max-image-preview:large, max-video-preview:-1\" \/>\n<link rel=\"canonical\" href=\"https:\/\/sexy-dressing.com\/budokan-meru.fr\/historique\/\" \/>\n<meta property=\"og:locale\" content=\"fr_FR\" \/>\n<meta property=\"og:type\" content=\"article\" \/>\n<meta property=\"og:title\" content=\"L&#039;association - Budokan M\u00e9ru\" \/>\n<meta property=\"og:description\" content=\"Historique Le club a \u00e9t\u00e9 cr\u00e9\u00e9\u00a0le 28\u00a0F\u00e9vrier 1956 ,\u00a0par Mr GRUYER \u00a0Boris\u00a0sous le nom de JUDO CLUB MERUVIEN et comprenait une section JUDO . Le but \u00e9tait\u00a0: Pratique du Judo, du Jiu Jitsu, de la self-defense, du\u00a0Close Combat et de l\u2019\u00e9ducation physique\u200b. &nbsp; L&#8217;effectif \u00e9voluait entre 20 et 40 pratiquants dans une petite salle en [&hellip;]\" \/>\n<meta property=\"og:url\" content=\"https:\/\/sexy-dressing.com\/budokan-meru.fr\/historique\/\" \/>\n<meta property=\"og:site_name\" content=\"Budokan M\u00e9ru\" \/>\n<meta property=\"article:publisher\" content=\"https:\/\/www.facebook.com\/judomeru\" \/>\n<meta property=\"article:modified_time\" content=\"2024-07-16T10:16:33+00:00\" \/>\n<meta property=\"og:image\" content=\"https:\/\/sexy-dressing.com\/budokan-meru.fr\/wp-content\/uploads\/2021\/05\/logo-budokan-meru.jpg\" \/>\n\t<meta property=\"og:image:width\" content=\"302\" \/>\n\t<meta property=\"og:image:height\" content=\"213\" \/>\n\t<meta property=\"og:image:type\" content=\"image\/jpeg\" \/>\n<meta name=\"twitter:label1\" content=\"Dur\u00e9e de lecture estim\u00e9e\" \/>\n\t<meta name=\"twitter:data1\" content=\"3 minutes\" \/>\n<script type=\"application\/ld+json\" class=\"yoast-schema-graph\">{\"@context\":\"https:\/\/schema.org\",\"@graph\":[{\"@type\":\"WebPage\",\"@id\":\"https:\/\/sexy-dressing.com\/budokan-meru.fr\/historique\/\",\"url\":\"https:\/\/sexy-dressing.com\/budokan-meru.fr\/historique\/\",\"name\":\"L'association - Budokan M\u00e9ru\",\"isPartOf\":{\"@id\":\"https:\/\/sexy-dressing.com\/budokan-meru.fr\/#website\"},\"datePublished\":\"2021-05-31T22:12:36+00:00\",\"dateModified\":\"2024-07-16T10:16:33+00:00\",\"breadcrumb\":{\"@id\":\"https:\/\/sexy-dressing.com\/budokan-meru.fr\/historique\/#breadcrumb\"},\"inLanguage\":\"fr-FR\",\"potentialAction\":[{\"@type\":\"ReadAction\",\"target\":[\"https:\/\/sexy-dressing.com\/budokan-meru.fr\/historique\/\"]}]},{\"@type\":\"BreadcrumbList\",\"@id\":\"https:\/\/sexy-dressing.com\/budokan-meru.fr\/historique\/#breadcrumb\",\"itemListElement\":[{\"@type\":\"ListItem\",\"position\":1,\"name\":\"Accueil\",\"item\":\"https:\/\/sexy-dressing.com\/budokan-meru.fr\/\"},{\"@type\":\"ListItem\",\"position\":2,\"name\":\"L&#8217;association\"}]},{\"@type\":\"WebSite\",\"@id\":\"https:\/\/sexy-dressing.com\/budokan-meru.fr\/#website\",\"url\":\"https:\/\/sexy-dressing.com\/budokan-meru.fr\/\",\"name\":\"Budokan M\u00e9ru\",\"description\":\"Association sportive de judo\",\"potentialAction\":[{\"@type\":\"SearchAction\",\"target\":{\"@type\":\"EntryPoint\",\"urlTemplate\":\"https:\/\/sexy-dressing.com\/budokan-meru.fr\/?s={search_term_string}\"},\"query-input\":{\"@type\":\"PropertyValueSpecification\",\"valueRequired\":true,\"valueName\":\"search_term_string\"}}],\"inLanguage\":\"fr-FR\"}]}<\/script>\n<!-- \/ Yoast SEO plugin. -->","yoast_head_json":{"title":"L'association - Budokan M\u00e9ru","robots":{"index":"index","follow":"follow","max-snippet":"max-snippet:-1","max-image-preview":"max-image-preview:large","max-video-preview":"max-video-preview:-1"},"canonical":"https:\/\/sexy-dressing.com\/budokan-meru.fr\/historique\/","og_locale":"fr_FR","og_type":"article","og_title":"L'association - Budokan M\u00e9ru","og_description":"Historique Le club a \u00e9t\u00e9 cr\u00e9\u00e9\u00a0le 28\u00a0F\u00e9vrier 1956 ,\u00a0par Mr GRUYER \u00a0Boris\u00a0sous le nom de JUDO CLUB MERUVIEN et comprenait une section JUDO . Le but \u00e9tait\u00a0: Pratique du Judo, du Jiu Jitsu, de la self-defense, du\u00a0Close Combat et de l\u2019\u00e9ducation physique\u200b. &nbsp; L&#8217;effectif \u00e9voluait entre 20 et 40 pratiquants dans une petite salle en [&hellip;]","og_url":"https:\/\/sexy-dressing.com\/budokan-meru.fr\/historique\/","og_site_name":"Budokan M\u00e9ru","article_publisher":"https:\/\/www.facebook.com\/judomeru","article_modified_time":"2024-07-16T10:16:33+00:00","og_image":[{"width":302,"height":213,"url":"https:\/\/sexy-dressing.com\/budokan-meru.fr\/wp-content\/uploads\/2021\/05\/logo-budokan-meru.jpg","type":"image\/jpeg"}],"twitter_misc":{"Dur\u00e9e de lecture estim\u00e9e":"3 minutes"},"schema":{"@context":"https:\/\/schema.org","@graph":[{"@type":"WebPage","@id":"https:\/\/sexy-dressing.com\/budokan-meru.fr\/historique\/","url":"https:\/\/sexy-dressing.com\/budokan-meru.fr\/historique\/","name":"L'association - Budokan M\u00e9ru","isPartOf":{"@id":"https:\/\/sexy-dressing.com\/budokan-meru.fr\/#website"},"datePublished":"2021-05-31T22:12:36+00:00","dateModified":"2024-07-16T10:16:33+00:00","breadcrumb":{"@id":"https:\/\/sexy-dressing.com\/budokan-meru.fr\/historique\/#breadcrumb"},"inLanguage":"fr-FR","potentialAction":[{"@type":"ReadAction","target":["https:\/\/sexy-dressing.com\/budokan-meru.fr\/historique\/"]}]},{"@type":"BreadcrumbList","@id":"https:\/\/sexy-dressing.com\/budokan-meru.fr\/historique\/#breadcrumb","itemListElement":[{"@type":"ListItem","position":1,"name":"Accueil","item":"https:\/\/sexy-dressing.com\/budokan-meru.fr\/"},{"@type":"ListItem","position":2,"name":"L&#8217;association"}]},{"@type":"WebSite","@id":"https:\/\/sexy-dressing.com\/budokan-meru.fr\/#website","url":"https:\/\/sexy-dressing.com\/budokan-meru.fr\/","name":"Budokan M\u00e9ru","description":"Association sportive de judo","potentialAction":[{"@type":"SearchAction","target":{"@type":"EntryPoint","urlTemplate":"https:\/\/sexy-dressing.com\/budokan-meru.fr\/?s={search_term_string}"},"query-input":{"@type":"PropertyValueSpecification","valueRequired":true,"valueName":"search_term_string"}}],"inLanguage":"fr-FR"}]}},"jetpack_sharing_enabled":true,"_links":{"self":[{"href":"https:\/\/sexy-dressing.com\/budokan-meru.fr\/wp-json\/wp\/v2\/pages\/213741","targetHints":{"allow":["GET"]}}],"collection":[{"href":"https:\/\/sexy-dressing.com\/budokan-meru.fr\/wp-json\/wp\/v2\/pages"}],"about":[{"href":"https:\/\/sexy-dressing.com\/budokan-meru.fr\/wp-json\/wp\/v2\/types\/page"}],"author":[{"embeddable":true,"href":"https:\/\/sexy-dressing.com\/budokan-meru.fr\/wp-json\/wp\/v2\/users\/1"}],"replies":[{"embeddable":true,"href":"https:\/\/sexy-dressing.com\/budokan-meru.fr\/wp-json\/wp\/v2\/comments?post=213741"}],"version-history":[{"count":4,"href":"https:\/\/sexy-dressing.com\/budokan-meru.fr\/wp-json\/wp\/v2\/pages\/213741\/revisions"}],"predecessor-version":[{"id":214044,"href":"https:\/\/sexy-dressing.com\/budokan-meru.fr\/wp-json\/wp\/v2\/pages\/213741\/revisions\/214044"}],"wp:attachment":[{"href":"https:\/\/sexy-dressing.com\/budokan-meru.fr\/wp-json\/wp\/v2\/media?parent=213741"}],"curies":[{"name":"wp","href":"https:\/\/api.w.org\/{rel}","templated":true}]}}